when n is divided by 4.
3
Suppose 4*c = 0, 3*j - 27 = -0*c - 4*c. What is the remainder when 11 is divided by j?
2
Let n(q) = q**3 + 21*q**2 - 3*q + 44. What is the remainder when n(-21) is divided by 22?
19
Suppose 2*i = -4*f + 36, -3*f - i = 4*i - 41. What is the remainder when 19 is divided by f?
5
Let v be 3/((-9)/2)*3. Let d(k) = k**2 - 4*k - 8. What is the remainder when 38/(v/(1*-2)) is divided by d(7)?
12
Let a be (0 - 2)*15/(-10). Suppose -9 = -a*w - 3. Let v(m) = -m**2 - m + 1. What is the remainder when w is divided by v(-1)?
0
Let i = -101 - -46. Let f = i + 80. What is the remainder when 97 is divided by f?
22
Suppose 0 = c - 2*c + 2. Let j = 67 + 14. Suppose -n = c*n - j. What is the remainder when n is divided by 15?
12
Calculate the remainder when 3 + 3 + -2 + 3 is divided by 2.
1
Suppose 0 = 3*m - 4*o - 389, 0 = -3*m - 5*o + 3*o + 413. Calculate the remainder when m is divided by 34.
33
Suppose 2*j + 10 = 0, 2*v - 13 = 5*v + 5*j. Suppose v = 3*a - 8. Suppose -5*n - 6 + 41 = 0. What is the remainder when n is divided by a?
3
Let d = 28 + -13. Let t = -34 + 62. Calculate the remainder when t is divided by d.
13
Let f(y) = -4*y**3 - 5*y**2 + 3*y + 4. Let o(n) = -3*n**3 - 5*n**2 + 2*n + 4. Let k(l) = 4*f(l) - 5*o(l). Calculate the remainder when 10 is divided by k(5).
4
Suppose 12 + 2 = 2*y. Suppose -2 = -l - n + y, 54 = 5*l + 2*n. What is the remainder when 23 is divided by l?
11
Suppose 12 = -n + 3*n. What is the remainder when 40 is divided by 28/((-3 - 1) + n)?
12
Suppose 3*n = -5*p - 14 - 26, -4*n - 2*p - 30 = 0. Calculate the remainder when (22/10)/(n/(-25)) is divided by 3.
2
Suppose 59 - 20 = 3*x. What is the remainder when (0 + 102)*4/((-16)/(-2)) is divided by x?
12
Calculate the remainder when (-141)/(-7) + (-156)/(-182) is divided by -9*2*4/(-6).
9
Let b(t) = t**2 + t - 1. Let o be b(0). Let z(l) = 34*l**2 + l. What is the remainder when z(o) is divided by (-20)/(-110) + 185/11?
16
Suppose -r = -5 + 4. Let o be r/1 + 21 + 1. Let q = 32 - o. What is the remainder when 25 is divided by q?
7
Let b(m) = m**2 - 11*m + 2. Let r(y) = y**2 + y + 4. What is the remainder when r(0) is divided by b(11)?
0
Calculate the remainder when 121 is divided by -31*1*(-12 + 11).
28
Let v(g) = 6*g**2 + 2*g + 1. Let r be v(-1). Suppose 6*f = r*u + 3*f - 47, 4*f - 4 = 0. Let i = u + -3. Calculate the remainder when 19 is divided by i.
5
Let t(n) = n**2 - n - 3. Let k be t(3). Calculate the remainder when (290/(-15))/((-2)/k) is divided by 8.
5
Let t(v) = 7*v - 173. What is the remainder when (-282)/4*(-2)/3 is divided by t(27)?
15
Suppose -3*m = -18 - 12. Suppose -2*b + 40 = 2*o, 5*b = 35 - m. Calculate the remainder when 27 is divided by o.
12
Let r be 9/15*(24 + 1). Let k = -9 + r. Suppose 2*n - 44 = k*f - f, -4*f = -2*n + 40. Calculate the remainder when 46 is divided by n.
10
Let u be 2/(-3 + 1) - 4. Let p be 8 + u + (1 - -1). Let j(k) = k**3 - 5*k**2 + 1. Calculate the remainder when j(p) is divided by 1.
0
Let c = 32 - 11. Suppose 9 + c = 2*u. What is the remainder when 27 is divided by u?
12
Let x(o) = 4 - 3 + 2*o + 0. Calculate the remainder when x(5) is divided by 3.
2
Let v be -1*(1 + -3)*1. Suppose -4*i - i + v*m = -42, 0 = 2*m - 8. What is the remainder when 39 is divided by i?
9
Suppose 5*m - i + 16 = -5*i, -5*i = -m + 20. Let g = 4 - m. What is the remainder when 6/(-8)*(1 + -9) is divided by g?
2
Suppose -2*h - w + 9 = -h, 5*h = 2*w + 38. Calculate the remainder when 39 is divided by h.
7
Let s(b) = -b**3 + 8*b**2 + 7*b + 12. Let k be s(9). Let l(g) = g**2 + 3*g - 13. Calculate the remainder when 9 is divided by l(k).
4
Suppose -4*m + m = -i - 6, 4*i = m - 2. Let v(h) = h + 11. Let j be v(-6). Suppose 0 = j*o - 9 - 6. Calculate the remainder when o is divided by m.
1
Suppose 2*t - 64 = 4*g, 4*g = 2*t + 7*g - 78. What is the remainder when t is divided by 10?
6
Let k = 187 - 107. Calculate the remainder when k is divided by 27.
26
Let x = 255 - 152. What is the remainder when x is divided by 13?
12
Let f = 9 - -2. What is the remainder when 42 is divided by f?
9
Let p(q) = q**3 + 3*q**2 - 3*q - 4. Let b be p(-4). Let w be 2/b - (-2454)/24. Calculate the remainder when 49 is divided by w/(-4)*12/(-18).
15
Let v(n) = -2*n + 4. What is the remainder when 109 is divided by v(-5)?
11
Let s = -18 - -32. Calculate the remainder when 41 is divided by s.
13
Let k = 0 - -4. Suppose -4*n = -2*n - 4*m - 130, -k*n - 4*m = -224. Calculate the remainder when n is divided by 8/12*90/4.
14
Let r(p) = -p**3 - 17*p**2 - 9*p + 25. Calculate the remainder when r(-17) is divided by 18.
16
Suppose 0 = 3*m - 39 - 60. Calculate the remainder when m is divided by 9.
6
Let g(n) = -n**2 - 7*n - 4. Let a be g(-6). Let f be (4/(-3))/(a/6). Let z(y) = -y + 3. Calculate the remainder when 20 is divided by z(f).
6
Suppose -n - g = -2*g - 67, -g - 3 = 0. Calculate the remainder when n is divided by 13.
12
Suppose 0 = 2*u + x - 0*x - 56, -2*u + 4*x = -36. Let n = 37 - u. Suppose 0 = 4*v - j - 25, -21 = -5*v + j + n. Calculate the remainder when v is divided by 4.
3
Suppose 4*r - r = 3*f + 81, -5*f = 3*r - 65. Suppose 4*h = 2*i - 13 - r, h = -5. What is the remainder when i is divided by 3?
0
Suppose -6*k + 2*t = -2*k - 78, -75 = -4*k + 5*t. What is the remainder when k is divided by (-6)/9 + 70/6?
9
Let a be 4*((-51)/12 + 2). Calculate the remainder when ((-3)/a)/(5/1215) is divided by 14.
11
Let l = 267 - 410. Let c = l - -225. Suppose -111 = 11*u - 419. What is the remainder when c is divided by u?
26
Suppose -30 = -9*r + 3*r. Suppose 0 = -4*a - 4, 6*a - 79 = -4*c + r*a. Calculate the remainder when 79 is divided by c.
19
Let b be ((-6)/5)/(1/10). Let k = 24 + b. Calculate the remainder when 23 is divided by k.
11
Let j(i) = 2*i + 1. Let x be j(2). Suppose 4*w - 4*q = 432, 0 = 2*w - x*w - 3*q + 348. Suppose k = 5*k - w. Calculate the remainder when k is divided by 10.
8
Let z be ((-24)/(-36))/((-2)/(-48)). Suppose -4*d = -5*d + z. What is the remainder when 30 is divided by d?
14
Suppose 0*b - 4*b + 28 = 0. Let k = b - 10. Calculate the remainder when (-18)/(-4)*(5 + k) is divided by 6.
3
Suppose 0 = 5*l - t - 7, 0*t - t = -3*l + 5. Let n(c) = c**2 + 4*c - 19. What is the remainder when l - (2/1)/(-2) is divided by n(-7)?
0
Let s(k) = -k**2 + 6*k + 3. Let h be s(6). Let m = -1 + h. What is the remainder when 2 is divided by m?
0
Let w = 67 - 34. Calculate the remainder when w is divided by 9.
6
Let f(i) = -3*i + 8. Let p(t) = t + 1. Let q(y) = -f(y) + 2*p(y). What is the remainder when q(11) is divided by 25?
24
Let w = -4 + 14. Let z(o) = o + 2*o**3 - o**3 - o**2 + 0*o**3. What is the remainder when w is divided by z(2)?
4
Let w(v) = -v**3 + 4*v**2 + 7*v - 3. Suppose -3*i + 13 = 1. Suppose i*k - 27 = 25. What is the remainder when k is divided by w(5)?
6
Suppose 4 = c + 2. Suppose -2*u = c - 20. What is the remainder when 26 is divided by u?
8
Let c(x) = 41*x**3 - 1. Suppose -4*j = -14 + 2. Suppose -2*g = j*g - 70. Calculate the remainder when c(1) is divided by g.
12
Let k = -11 - -13. Suppose -k*c + 6 = -4. Calculate the remainder when 12 is divided by c.
2
Let s(x) = 7*x + 1. Let i(l) = -13*l - 2. Let q(y) = 3*y. Let p be q(-3). Let u(z) = p*s(z) - 4*i(z). Calculate the remainder when 19 is divided by u(-1).
9
Let v = 0 + 0. Let d = 14 - 9. Calculate the remainder when 2 + 13 + -2 - v is divided by d.
3
Suppose 5*n - 17 = -3*y, -3*y + 19 = -0*y + 4*n. Let x = -45 + 27. Let m = 35 + x. Calculate the remainder when m is divided by y.
8
Let q be (2/5)/((-1)/5). Let b be (q - 1)*(-114)/9. Suppose 3*a - j = -0*a + 34, 5*a = -3*j + b. What is the remainder when 18 is divided by a?
8
Suppose -52*y + 56*y = 88. Let l = 7 + 57. What is the remainder when l is divided by y?
20
Suppose 0 = -5*x - 0*p + 4*p + 53, -5*x + 62 = -p. Let h = x - 0. Let q(t) = -7*t - 5. What is the remainder when q(-6) is divided by h?
11
Let b be (-9 - 1) + 1 + 3. Let j(r) = 3*r**2 + 7*r + 5. What is the remainder when j(b) is divided by 24?
23
Let x = -31 + 11. Let b be -3 + 1 + x/(-2). Let u(j) = 3*j + 11. What is the remainder when u(b) is divided by 12?
11
Let d = 15 + -11. Let m = d + -2. What is the remainder when m is divided by 1?
0
Suppose 0 = -3*r - 5*l - 2, -3*r + 0*r - 3*l 